s digit of 16902?
1
What is the thousands digit of 19261?
9
What is the ten thousands digit of 12976?
1
What is the tens digit of 10523?
2
What is the tens digit of 37992?
9
What is the thousands digit of 23529?
3
What is the hundreds digit of 119205?
2
What is the units digit of 12883?
3
What is the ten thousands digit of 28321?
2
What is the units digit of 558?
8
What is the tens digit of 5355?
5
What is the tens digit of 21187?
8
What is the tens digit of 4342?
4
What is the units digit of 40450?
0
What is the hundreds digit of 125370?
3
What is the hundreds digit of 2354?
3
What is the hundreds digit of 35173?
1
What is the thousands digit of 3502?
3
What is the units digit of 3798?
8
What is the units digit of 16211?
1
What is the thousands digit of 23359?
3
What is the hundreds digit of 102492?
4
What is the units digit of 1261?
1
What is the hundreds digit of 192?
1
What is the hundreds digit of 1783?
7
What is the tens digit of 55493?
9
What is the ten thousands digit of 13016?
1
What is the units digit of 54070?
0
What is the hundreds digit of 13498?
4
What is the hundreds digit of 2596?
5
What is the tens digit of 2218?
1
What is the tens digit of 27677?
7
What is the thousands digit of 7237?
7
What is the hundreds digit of 180479?
4
What is the tens digit of 1604?
0
What is the tens digit of 28836?
3
What is the tens digit of 50125?
2
What is the units digit of 239?
9
What is the tens digit of 1765?
6
What is the hundreds digit of 632?
6
What is the tens digit of 90160?
6
What is the hundreds digit of 36396?
3
What is the tens digit of 366?
6
What is the thousands digit of 21275?
1
What is the thousands digit of 17413?
7
What is the ten thousands digit of 12701?
1
What is the hundreds digit of 429?
4
What is the ten thousands digit of 33170?
3
What is the hundreds digit of 19570?
5
What is the thousands digit of 4729?
4
What is the tens digit of 493?
9
What is the hundreds digit of 33467?
4
What is the units digit of 4520?
0
What is the tens digit of 33052?
5
What is the thousands digit of 8227?
8
What is the tens digit of 33274?
7
What is the hundreds digit of 724?
7
What is the thousands digit of 6761?
6
What is the tens digit of 2752?
5
What is the hundreds digit of 4823?
8
What is the ten thousands digit of 11785?
1
What is the thousands digit of 1094?
1
What is the hundreds digit of 3324?
3
What is the thousands digit of 15067?
5
What is the ten thousands digit of 34751?
3
What is the thousands digit of 3542?
3
What is the hundreds digit of 951?
9
What is the hundreds digit of 78796?
7
What is the hundreds digit of 3403?
4
What is the hundreds digit of 1690?
6
What is the hundreds digit of 4695?
6
What is the units digit of 827?
7
What is the units digit of 78166?
6
What is the tens digit of 5217?
1
What is the units digit of 34601?
1
What is the units digit of 5042?
2
What is the hundreds digit of 2537?
5
What is the units digit of 5585?
5
What is the ten thousands digit of 20437?
2
What is the hundreds digit of 275?
2
What is the units digit of 51?
1
What is the units digit of 8305?
5
What is the tens digit of 5782?
8
What is the hundreds digit of 2239?
2
What is the hundreds digit of 8284?
2
What is the hundreds digit of 3881?
8
What is the tens digit of 2898?
9
What is the tens digit of 159416?
1
What is the thousands digit of 12155?
2
What is the hundreds digit of 17418?
4
What is the hundreds digit of 9160?
1
What is the thousands digit of 1638?
1
What is the ten thousands digit of 41674?
4
What is the thousands digit of 8029?
8
What is the thousands digit of 87193?
7
What is the thousands digit of 76291?
6
What is the tens digit of 2549?
4
What is the tens digit of 31936?
3
What is the units digit of 1529?
9
What is the thousands digit of 4247?
4
What is the hundreds digit of 5402?
4
What is the tens digit of 40?
4
What is the thousands digit of 21191?
1
What is the hundreds digit of 772?
7
What is the ten thousands digit of 14877?
1
What is the hundreds digit of 939?
9
What is the thousands digit of 1992?
1
What is the hundreds digit of 2791?
7
What is the thousands digit of 24179?
4
What is the units digit of 167?
7
What is the hundreds digit of 1268?
2
What is the hundreds digit of 7490?
4
What is the hundreds digit of 970?
9
What is the hundreds digit of 41183?
1
What is the thousands digit of 4675?
4
What is the hundreds digit of 10863?
8
What is the hundreds digit of 6605?
6
What is the units digit of 8609?
9
What is the ten thousands digit of 80975?
8
What is the ten thousands digit of 62349?
6
What is the units digit of 28471?
1
What is the hundreds digit of 3368?
3
What is the tens digit of 285?
8
What is the thousands digit of 5364?
5
What is the tens digit of 5818?
1
What is the tens digit of 405?
0
What is the tens digit of 222?
2
What is the thousands digit of 7092?
7
What is the thousands digit of 77652?
7
What is the units digit of 141420?
0
What is the tens digit of 447?
4
What is the tens digit of 3657?
5
What is the hundreds digit of 1004?
0
What is the tens digit of 1755?
5
What is the hundreds digit of 31424?
4
What is the hundreds digit of 2901?
9
What is the thousands digit of 1839?
1
What is the thousands digit of 9852?
9
What is the hundreds digit of 1035?
0
What is the units digit of 45374?
4
What is the tens digit of 4548?
4
What is the hundreds digit of 3394?
3
What is the units digit of 9120?
0
What is the units digit of 12125?
5
What is the hundreds digit of 90100?
1
What is the units digit of 50429?
9
What is the units digit of 860?
0
What is the hundreds digit of 27816?
8
What is the hundreds digit of 806?
8
What is the units digit of 3411?
1
What is the tens digit of 9618?
1
What is the thousands digit of 3197?
3
What is the units digit of 736?
6
What is the thousands digit of 10521?
0
What is the thousands digit of 38798?
8
What is the hundreds digit of 52990?
9
What is the tens digit of 663?
6
What is the units digit of 13567?
7
What is the tens digit of 175529?
2
What is the units digit of 98?
8
What is the ten thousands digit of 28996?
2
What is the units digit of 6122?
2
What is the units digit of 2861?
1
What is the thousands digit of 28556?
8
What is the hundreds digit of 161944?
9
What is the units digit of 17611?
1
What is the tens digit of 5030?
3
What is the hundreds digit of 29273?
2
What is the units digit of 748?
8
What is the hundreds digit of 326?
3
What is the hundreds digit of 3206?
2
What is the hundreds digit of 5229?
2
What is the ten thousands digit of 65086?
6
What is the hundreds digit of 218?
2
What is the tens digit of 10599?
9
What is the thousands digit of 29597?
9
What is the units digit of 258?
8
What is the units digit of 278?
8
What is the ten thousands digit of 38895?
3
What is the hundreds digit of 1705?
7
What is the tens digit of 590?
9
What is the thousands digit of 2627?
2
What is the tens digit of 8410?
1
What is the hundreds digit of 35853?
8
What is the units digit of 796?
6
What is the tens digit of 7096?
9
What is the hundreds digit of 4480?
4
What is the hundreds digit of 5511?
5
What is the thousands digit of 7048?
7
What is the tens digit of 18534?
3
What is the units digit of 10373?
3
What is the hundreds digit of 12261?
2
What is the units digit of 32164?
4
What is the units digit of 1626?
6
What is the hundreds digit of 13106?
1
What is the thousands digit of 6587?
6
What is the tens digit of 86?
8
What is the tens digit of 965?
6
What is the hundreds digit of 6738?
7
What is the ten thousands digit of 58283?
5
What is the units digit of 2767?
7
What is the units digit of 507?
7
What is the tens digit of 1059?
5
What is the units digit of 652?
2
What is the tens digit of 1603?
0
What is the hundreds digit of 1785?
7
What is the units digit of 1923?
3
What is the hundreds digit of 2950?
9
What is the hundreds digit of 2208?
2
What is the tens digit of 90013?
1
What is the tens digit of 3639?
3
What is the thousands digit of 82505?
2
What is the tens digit of 5622?
2
What is the thousands digit of 166691?
6
What is the thousands digit of 88455?
8
What is the thousands digit of 2075?
2
What is the tens digit of 164117?
1
What is the thousands digit of 5905?
5
What is the tens digit of 4691?
9
What is the hundreds digit of 16317?
3
What is 